ons digit of 2964630917?
9
What is the hundred millions digit of 1071406951?
0
What is the tens digit of 47129989?
8
What is the ten thousands digit of 735031812?
3
What is the units digit of 35366555?
5
What is the millions digit of 13464570?
3
What is the tens digit of 103638929?
2
What is the hundreds digit of 91150819?
8
What is the ten millions digit of 416038795?
1
What is the millions digit of 168002353?
8
What is the units digit of 3527856975?
5
What is the ten thousands digit of 96779445?
7
What is the hundred thousands digit of 318124274?
1
What is the hundred millions digit of 121931950?
1
What is the hundreds digit of 44177096?
0
What is the hundreds digit of 4398484417?
4
What is the hundred millions digit of 1919757889?
9
What is the units digit of 843311827?
7
What is the ten millions digit of 76776957?
7
What is the hundred thousands digit of 219594406?
5
What is the tens digit of 114605767?
6
What is the millions digit of 1041666728?
1
What is the units digit of 1642053672?
2
What is the tens digit of 211378010?
1
What is the ten thousands digit of 33354820?
5
What is the tens digit of 1047080771?
7
What is the hundred millions digit of 2160784668?
1
What is the thousands digit of 18855281?
5
What is the millions digit of 524835686?
4
What is the millions digit of 96188405?
6
What is the thousands digit of 334609858?
9
What is the hundred thousands digit of 5538007196?
0
What is the hundred millions digit of 5808507771?
8
What is the units digit of 2604349329?
9
What is the hundred millions digit of 965422239?
9
What is the units digit of 302926697?
7
What is the thousands digit of 42109011?
9
What is the hundreds digit of 315980561?
5
What is the units digit of 5286524919?
9
What is the hundred thousands digit of 42230994?
2
What is the ten millions digit of 50209746?
5
What is the units digit of 1660673723?
3
What is the thousands digit of 973803091?
3
What is the ten millions digit of 245536401?
4
What is the tens digit of 198359549?
4
What is the units digit of 9672228?
8
What is the ten millions digit of 99036588?
9
What is the millions digit of 36273636?
6
What is the hundred millions digit of 139055147?
1
What is the thousands digit of 14772601?
2
What is the hundreds digit of 46586811?
8
What is the ten thousands digit of 66398860?
9
What is the billions digit of 1959225975?
1
What is the ten thousands digit of 127000703?
0
What is the hundreds digit of 6574541?
5
What is the millions digit of 459503234?
9
What is the millions digit of 243905867?
3
What is the hundred millions digit of 1591331440?
5
What is the millions digit of 1015975694?
5
What is the hundred thousands digit of 397753077?
7
What is the ten thousands digit of 588016771?
1
What is the ten millions digit of 317504955?
1
What is the ten thousands digit of 103674672?
7
What is the hundreds digit of 541730982?
9
What is the hundred millions digit of 1224123442?
2
What is the thousands digit of 35603447?
3
What is the ten thousands digit of 72339098?
3
What is the billions digit of 3699018592?
3
What is the tens digit of 22716921?
2
What is the thousands digit of 40446469?
6
What is the thousands digit of 14783709?
3
What is the ten thousands digit of 49972681?
7
What is the thousands digit of 321909019?
9
What is the hundred thousands digit of 490142312?
1
What is the ten thousands digit of 1664288233?
8
What is the millions digit of 3203948702?
3
What is the hundred millions digit of 147021171?
1
What is the hundred millions digit of 1053732274?
0
What is the millions digit of 36366290?
6
What is the ten thousands digit of 146915869?
1
What is the thousands digit of 573876871?
6
What is the thousands digit of 1581182168?
2
What is the hundreds digit of 1085736734?
7
What is the hundred millions digit of 345373587?
3
What is the hundreds digit of 1317985992?
9
What is the ten millions digit of 118343565?
1
What is the hundred thousands digit of 57081074?
0
What is the hundred thousands digit of 1068174742?
1
What is the hundred millions digit of 289166992?
2
What is the ten thousands digit of 46637244?
3
What is the millions digit of 294478548?
4
What is the hundreds digit of 5005174976?
9
What is the ten millions digit of 1754604670?
5
What is the hundreds digit of 1042528183?
1
What is the ten thousands digit of 156887477?
8
What is the ten thousands digit of 76021943?
2
What is the thousands digit of 2906909755?
9
What is the hundreds digit of 810414120?
1
What is the ten millions digit of 29912932?
2
What is the millions digit of 67510807?
7
What is the units digit of 5328670?
0
What is the hundred thousands digit of 4007905764?
9
What is the hundreds digit of 12337266?
2
What is the hundreds digit of 363519912?
9
What is the tens digit of 642640968?
6
What is the hundred thousands digit of 1363619644?
6
What is the hundreds digit of 2019393088?
0
What is the hundred thousands digit of 89113324?
1
What is the thousands digit of 184711208?
1
What is the units digit of 99733396?
6
What is the ten thousands digit of 699552191?
5
What is the hundred thousands digit of 100549541?
5
What is the hundred thousands digit of 52736382?
7
What is the hundred thousands digit of 124270363?
2
What is the hundreds digit of 640633657?
6
What is the ten millions digit of 36664328?
3
What is the units digit of 1278175001?
1
What is the hundred millions digit of 922291816?
9
What is the hundreds digit of 1921010522?
5
What is the millions digit of 843817546?
3
What is the hundred millions digit of 1502772388?
5
What is the ten thousands digit of 182690024?
9
What is the thousands digit of 136224657?
4
What is the millions digit of 61481760?
1
What is the units digit of 33980866?
6
What is the thousands digit of 438090121?
0
What is the hundred thousands digit of 88594010?
5
What is the tens digit of 84927868?
6
What is the hundred millions digit of 175420800?
1
What is the ten thousands digit of 889139886?
3
What is the units digit of 2195154698?
8
What is the millions digit of 234415339?
4
What is the hundred millions digit of 3061372254?
0
What is the thousands digit of 194184732?
4
What is the ten millions digit of 912028478?
1
What is the thousands digit of 22381479?
1
What is the tens digit of 55420265?
6
What is the hundred thousands digit of 168178432?
1
What is the ten thousands digit of 2817665?
1
What is the thousands digit of 158093082?
3
What is the hundred millions digit of 2225947546?
2
What is the ten thousands digit of 623395003?
9
What is the hundred thousands digit of 392916440?
9
What is the ten millions digit of 800440829?
0
What is the ten millions digit of 696335617?
9
What is the hundreds digit of 584582360?
3
What is the thousands digit of 47264392?
4
What is the tens digit of 23055176?
7
What is the millions digit of 420878151?
0
What is the billions digit of 7707360311?
7
What is the thousands digit of 1959838797?
8
What is the hundred millions digit of 1629509391?
6
What is the hundred thousands digit of 3203552364?
5
What is the hundred millions digit of 808147329?
8
What is the hundred millions digit of 134059029?
1
What is the ten thousands digit of 417925969?
2
What is the ten thousands digit of 118375566?
7
What is the tens digit of 283866253?
5
What is the ten thousands digit of 297467342?
6
What is the millions digit of 614819996?
4
What is the ten millions digit of 14102538?
1
What is the ten thousands digit of 74381702?
8
What is the ten millions digit of 1267560508?
6
What is the thousands digit of 63035913?
5
What is the units digit of 3986711141?
1
What is the hundreds digit of 30500804?
8
What is the thousands digit of 121091775?
1
What is the billions digit of 1648229229?
1
What is the hundred millions digit of 343610038?
3
What is the hundred millions digit of 2071283727?
0
What is the thousands digit of 1472384038?
4
What is the hundred thousands digit of 102081912?
0
What is the billions digit of 9383674856?
9
What is the units digit of 80330622?
2
What is the millions digit of 291686260?
1
What is the ten millions digit of 45182436?
4
What is the thousands digit of 8124186?
4
What is the tens digit of 988092385?
8
What is the ten thousands digit of 19158269?
5
What is the tens digit of 1163269673?
7
What is the ten millio